- 44?
-45
In base 12, what is -29 - -86?
59
In base 12, what is 1450 + -5?
1447
In base 5, what is -1111 - -14?
-1042
In base 4, what is -130220 - -13?
-130201
In base 6, what is -2 + -55?
-101
In base 2, what is -1110011111 - -101?
-1110011010
In base 12, what is -4 + 7a9?
7a5
In base 11, what is 5 + 190?
195
In base 11, what is -16 + 20?
5
In base 16, what is -fc6 - 4?
-fca
In base 12, what is 91 - -4?
95
In base 3, what is 0 + 10201000?
10201000
In base 6, what is -130 + -101?
-231
In base 9, what is 574 + 2?
576
In base 5, what is 0 - 140?
-140
In base 5, what is -1421 + 10?
-1411
In base 11, what is -1376 + -5?
-1380
In base 4, what is -1021 + 20?
-1001
In base 3, what is -1002 + 102?
-200
In base 2, what is 10101100011101 + 1?
10101100011110
In base 3, what is 12110 - -1?
12111
In base 14, what is 1ad - 2?
1ab
In base 12, what is -3281 + -4?
-3285
In base 16, what is 10ea - -3?
10ed
In base 10, what is 91 + -11?
80
In base 2, what is -1110 + -10000111?
-10010101
In base 3, what is 10 - 210?
-200
In base 8, what is 0 + 2?
2
In base 3, what is 12 - -12012021?
12012110
In base 7, what is -5224 + 4?
-5220
In base 13, what is -586 - -2?
-584
In base 11, what is -a7 + 5?
-a2
In base 10, what is 10 - 22?
-12
In base 6, what is 111 + -133?
-22
In base 2, what is 1011011100000 - 101?
1011011011011
In base 4, what is 10 + 131120?
131130
In base 14, what is 85 - -52?
d7
In base 8, what is 351 + -1?
350
In base 6, what is -200 + 4?
-152
In base 15, what is 11 + 52?
63
In base 15, what is -2 - -1e9?
1e7
In base 2, what is 100110 + -1111?
10111
In base 4, what is 112320 + 10?
112330
In base 16, what is -a - -3c?
32
In base 2, what is -1011001101 + 10?
-1011001011
In base 2, what is -11111000 - -101?
-11110011
In base 6, what is 0 + -42?
-42
In base 4, what is 3332 + 12?
10010
In base 4, what is 1001 + 220?
1221
In base 15, what is -261 - -5?
-25b
In base 11, what is 626 - -2?
628
In base 2, what is 1110 + 1011101?
1101011
In base 2, what is 110001000111 + -101?
110001000010
In base 16, what is -18 - -2d3?
2bb
In base 4, what is -1002 + 2?
-1000
In base 15, what is -47 - -3?
-44
In base 9, what is -1 + -180?
-181
In base 3, what is -12 + 1110?
1021
In base 12, what is 182b + 5?
1834
In base 11, what is 234 - 5?
22a
In base 5, what is -120 + -12?
-132
In base 6, what is 52 + 315?
411
In base 2, what is 11 + -11110010?
-11101111
In base 9, what is 370 + -5?
364
In base 3, what is -21200100 - 11?
-21200111
In base 13, what is -12796 + 5?
-12791
In base 6, what is 3425 - -5?
3434
In base 10, what is 5 - -780?
785
In base 9, what is -1226 - -3?
-1223
In base 8, what is -10 + -267?
-277
In base 11, what is 2 - -14?
16
In base 3, what is 102 + -2?
100
In base 7, what is 22 + 132?
154
In base 7, what is 4 + 2554?
2561
In base 16, what is -4 + -6fd?
-701
In base 16, what is -178 + -1?
-179
In base 13, what is 3 + -114?
-111
In base 13, what is -4 + -31?
-35
In base 8, what is 7 - -4312?
4321
In base 8, what is -24 - -5?
-17
In base 2, what is -10 + -100101?
-100111
In base 15, what is 18 - -20?
38
In base 6, what is 5 - -155?
204
In base 15, what is 1 - caa?
-ca9
In base 8, what is -1 - 224?
-225
In base 8, what is 130 + -135?
-5
In base 9, what is -6 + -6?
-13
In base 11, what is 28 - 9?
1a
In base 2, what is -10100011000 - 10?
-10100011010
In base 4, what is -1012231 + 0?
-1012231
In base 14, what is -6 - a8?
-b0
In base 7, what is -3 + 361?
355
In base 3, what is -20222 + 0?
-20222
In base 11, what is -2a6 + 3?
-2a3
In base 9, what is -4 - 1876?
-1881
In base 3, what is 0 + 121100?
121100
In base 11, what is 28 - -29?
56
In base 12, what is 2 - 1504?
-1502
In base 2, what is 110110100111 + -11?
110110100100
In base 15, what is be - -1?
c0
In base 2, what is -10001010 + 100?
-10000110
In base 9, what is -4 + -238?
-243
In base 2, what is 110101001 - 0?
110101001
In base 13, what is -32 + 0?
-32
In base 4, what is 3 - -1232?
1301
In base 11, what is -27 - 25?
-51
In base 4, what is -101 + -22000?
-22101
In base 7, what is 1 - 404?
-403
In base 10, what is 218 - 3?
215
In base 10, what is 0 - -20?
20
In base 5, what is 4 - -444?
1003
In base 7, what is -10616 - -2?
-10614
In base 2, what is -1011111101 - -1?
-1011111100
In base 2, what is -10 - 11111?
-100001
In base 11, what is -3 + -1165?
-1168
In base 2, what is 111001010 - -1?
111001011
In base 4, what is 10 + -1122?
-1112
In base 12, what is 3 + b9?
100
In base 14, what is 1a + -a?
10
In base 6, what is 10502 - 3?
10455
In base 2, what is 11011000 - 10000?
11001000
In base 5, what is -4 + 2223?
2214
In base 7, what is -4 - -466?
462
In base 14, what is 5a + -73?
-17
In base 12, what is -579 - 2?
-57b
In base 10, what is 30 + 9?
39
In base 4, what is -32201 + 10?
-32131
In base 4, what is 3 - -1112300?
1112303
In base 8, what is 374 - 13?
361
In base 11, what is 12 - 1042?
-1030
In base 3, what is -210 + 202?
-1
In base 8, what is -4 - -1661?
1655
In base 14, what is 268 + 1?
269
In base 8, what is 2 + 3577?
3601
In base 2, what is 100 + 100010?
100110
In base 10, what is 40 - 383?
-343
In base 4, what is -30210 - 11?
-30221
In base 6, what is -235 - -5?
-230
In base 13, what is 0 + -60c?
-60c
In base 4, what is -10 + 103?
33
In base 15, what is 14 + 11?
25
In base 16, what is 723 - -4?
727
In base 7, what is -21 + -305?
-326
In base 6, what is 305 + 2?
311
In base 5, what is 4212 - 2?
4210
In base 12, what is b8b - -1?
b90
In base 13, what is 14 + 2?
16
In base 15, what is 3c - -32?
6e
In base 5, what is 0 + 4?
4
In base 12, what is 12 + 48?
5a
In base 12, what is -1 + -3b9?
-3ba
In base 9, what is 0 + -1705?
-1705
In base 9, what is 1 + -4?
-3
In base 3, what is 11 + -112?
-101
In base 11, what is 68 - 4?
64
In base 8, what is -11 - -376?
365
In base 13, what is 2a - -8?
35
In base 6, what is 42050 + -2?
42044
In base 10, what is 5 - -1249?
1254
In base 11, what is 32 + -3?
2a
In base 11, what is -5 + 22a?
225
In base 12, what is -2 - -1586?
1584
In base 13, what is 3 - 123?
-120
In base 3, what is -10 + 20221?
20211
In base 15, what is -1 + 533?
532
In base 2, what is 10100001111 - -1001?
10100011000
In base 2, what is -1 + -10001?
-10010
In base 9, what is 5 - -51?
56
In base 11, what is -446 - 18?
-463
In base 6, what is -52 + -2?
-54
In base 4, what is 21221 - 1?
21220
In base 4, what is 12330 - 10?
12320
In base 3, what is -1022210 - 2?
-1022212
In base 3, what is 111111 - -12?
111200
In base 14, what is -24 - 395?
-3b9
In base 5, what is 11 - -2011?
2022
In base 3, what is -20011 + 20?
-12221
In base 3, what is -10 + -20?
-100
In base 6, what is 102 - -2025?
2131
In base 3, what is -1000 - 0?
-1000
In base 6, what is -3 - 413?
-420
In base 4, what is -1 + -113223?
-113230
In base 11, what is -98 - -17a?
92
In base 7, what is 16 - -1656?
2005
In base 14, what is 3c - -5?
43
In base 4, what is 113001 - 0?
113001
In base 9, what is 2 + -2367?
-2365
In base 13, what is 2 - 1c?
-1a
In base 13, what is 1 + -22c?
-22b
In base 7, what is -32 - -13?
-16
In base 3, what is -1011 + 1110?
22
In base 9, what is -220 - -7?
-212
In base 7, what is -243 - -4?
-236
In base 8, what is 250 + 1?
251
In base 7, what is 2 - 336?
-334
In base 2, what is -11 - -10010011001?
10010010110
In base 5, what is -1 - 10232?
-10233
In base 10, what is 6909 + 3?
6912
In base 7, what is 12363 - -4?
12400
In base 11, what is -9 + -12?
-20
In base 12, what is 48 + -121?
-95
In base 14, what is 1 + -472?
-471
In base 16, what is 0 + -ce?
-ce
In base 9, what is -4 - -617?
613
In base 15, what is 588 + 3?
58b
In base 14, what is 1 - -19d?
1a0
In base 12, what is 447 - 0?
447
In base 9, what is 4 + -652?
-647
In base 13, what is 59 + -20?
39
In base 9, what is 5 - 8?
-3
In base 5, what is 113 + 140?
303
In base 13, what is 2 - -556?
558
In base 6, what is -242 + -2?
-244
In base 2, what is -101 - -1001111111000?
1001111110011
In base 13, what is 5 - 3267?
-3262
In base 2, what is 1110 + -1110001?
-1100011
In base 5, what is -34 + -234?
-323
In base 13, what is -3 + -625?
-628
In base 5, what is -34 - 233?
-322
In base 12, what is -30 - -18?
-14
In base 15, what is -4 - -1aed?
1ae9
In base 7, what is -2 - 13622?
-13624
In base 2, what is -100101 - 0?
-100101
In base 6, what is 5 + -152?
-143
In base 5, what is -2 + -300?
-302
In base 1